{"id":698,"date":"2014-01-29T13:04:05","date_gmt":"2014-01-29T12:04:05","guid":{"rendered":"http:\/\/s512577359.online.de\/?page_id=698"},"modified":"2023-08-21T11:11:56","modified_gmt":"2023-08-21T09:11:56","slug":"impressum","status":"publish","type":"page","link":"http:\/\/www.grundschule-blumensiedlung.de\/?page_id=698","title":{"rendered":"Impressum und Datenschutzgrundverordnung (DSGVO)"},"content":{"rendered":"<div>\n<h1><strong style=\"font-size: 1.4rem;\">Herausgeber der Seiten<\/strong><\/h1>\n<\/div>\n<div>\n<p>Grundschule Blumensiedlung<\/p>\n<p>Schlieperstr. 14<br \/>\n48527 Nordhorn<\/p>\n<p><strong>Kontakt<\/strong><\/p>\n<p>Telefon: 05921 13912<\/p>\n<p>Telefax: 05921 994611<\/p>\n<p>E-Mail: gs-blumen@schulen-noh.de<\/p>\n<p><strong>Kommissarischer Schulleiter:<\/strong><\/p>\n<p>Timothy Hansmann<\/p>\n<p>Schlieperstra\u00dfe 14<br \/>\nD-48527 Nordhorn<\/p>\n<p>Tel. 05921-13912<br \/>\nFax 05921-994516<\/p>\n<p>sl-gs-blumen@schulen-noh.de<\/p>\n<p><strong>Haftungsausschluss<\/strong><\/p>\n<div>\n<p>1. Inhalt der Website<br \/>\nDer Autor \u00fcbernimmt keinerlei Gew\u00e4hr f\u00fcr die Aktualit\u00e4t, Korrektheit, Vollst\u00e4ndigkeit oder Qualit\u00e4t der bereitgestellten Informationen. Haftungsanspr\u00fcche gegen den Autor, welche sich auf Sch\u00e4den materieller oder ideeller Art beziehen, die durch die Nutzung oder Nichtnutzung der dargebotenen Informationen bzw. durch die Nutzung fehlerhafter und unvollst\u00e4ndiger Informationen verursacht wurden sind grunds\u00e4tzlich ausgeschlossen, sofern seitens des Autors kein nachweislich vors\u00e4tzliches oder grob fahrl\u00e4ssiges Verschulden vorliegt. Alle Angebote sind freibleibend und unverbindlich. Der Autor beh\u00e4lt es sich ausdr\u00fccklich vor, Teile der Seiten oder das gesamte Angebot ohne gesonderte Ank\u00fcndigung zu ver\u00e4ndern, zu erg\u00e4nzen, zu l\u00f6schen oder die Ver\u00f6ffentlichung zeitweise oder endg\u00fcltig einzustellen.<\/p>\n<p>2. Verweise und Links<br \/>\nBei direkten oder indirekten Verweisen auf fremde Internetseiten (&#8222;Links&#8220;), die au\u00dferhalb des Verantwortungsbereiches des Autors liegen, w\u00fcrde eine Haftungsverpflichtung ausschlie\u00dflich in dem Fall in Kraft treten, in dem der Autor von den Inhalten Kenntnis hat und es ihm technisch m\u00f6glich und zumutbar w\u00e4re, die Nutzung im Falle rechtswidriger Inhalte zu verhindern. Der Autor erkl\u00e4rt daher ausdr\u00fccklich, dass zum Zeitpunkt der Linksetzung die entsprechenden verlinkten Seiten frei von illegalen Inhalten waren. Der Autor hat keinerlei Einfluss auf die aktuelle und zuk\u00fcnftige Gestaltung und auf die Inhalte der gelinkten \/ verkn\u00fcpften Seiten. Deshalb distanziert er sich hiermit ausdr\u00fccklich von allen Inhalten aller gelinkten \/ verkn\u00fcpften Seiten, die nach der Linksetzung ver\u00e4ndert wurden. Diese Feststellung gilt f\u00fcr alle innerhalb des eigenen Internetangebotes gesetzten Links und Verweise sowie f\u00fcr Fremdeintr\u00e4ge in vom Autor eingerichteten G\u00e4steb\u00fcchern, Diskussionsforen und Mailinglisten. F\u00fcr illegale, fehlerhafte oder unvollst\u00e4ndige Inhalte und insbesondere f\u00fcr Sch\u00e4den, die aus der Nutzung oder Nichtnutzung solcherart dargebotener Informationen entstehen, haftet allein der Anbieter der Seite, auf welche verwiesen wurde, nicht derjenige, der \u00fcber Links auf die jeweilige Ver\u00f6ffentlichung lediglich verweist.<\/p>\n<p>3. Urheber- und Kennzeichenrecht<br \/>\nDer Autor ist bestrebt, in allen Publikationen die Urheberrechte der verwendeten Grafiken, Tondokumente, Videosequenzen und Texte zu beachten, von ihm selbst erstellte Grafiken, Tondokumente, Videosequenzen und Texte zu nutzen oder auf lizenzfreie Grafiken, Tondokumente, Videosequenzen und Texte zur\u00fcckzugreifen.<br \/>\nAlle innerhalb des Internetangebotes genannten und ggf. durch Dritte gesch\u00fctzten Marken- und Warenzeichen unterliegen uneingeschr\u00e4nkt den Bestimmungen des jeweils g\u00fcltigen Kennzeichenrechts und den Besitzrechten der jeweiligen eingetragenen Eigent\u00fcmer. Allein aufgrund der blo\u00dfen Nennung ist nicht der Schluss zu ziehen, dass Markenzeichen nicht durch Rechte Dritter gesch\u00fctzt sind! Das Copyright f\u00fcr ver\u00f6ffentlichte, vom Autor selbst erstellte Objekte bleibt allein beim Autor der Seiten. Eine Vervielf\u00e4ltigung oder Verwendung solcher Grafiken, Tondokumente, Videosequenzen und Texte in anderen elektronischen oder gedruckten Publikationen ist ohne ausdr\u00fcckliche Zustimmung des Autors nicht gestattet.<\/p>\n<p>4. Rechtswirksamkeit dieses Haftungsausschlusses<br \/>\nDieser Haftungsausschluss ist als Teil des Internetangebotes zu betrachten, von wo aus auf diese Seite verwiesen wurde. Sofern Teile oder einzelne Formulierungen dieses Textes der geltenden Rechtslage nicht, nicht mehr oder nicht vollst\u00e4ndig entsprechen sollten, bleiben die \u00fcbrigen Teile des Dokumentes in ihrem Inhalt und ihrer G\u00fcltigkeit davon unber\u00fchrt.<\/p>\n<h2><strong>Datenschutzgrundverordnung (DSGVO)<\/strong><\/h2>\n<p>hiermit informieren wir Sie \u00fcber die Verarbeitung personenbezogener Daten in unserer Schule.<\/p>\n<h6><strong>I. Datenverarbeitung<\/strong><\/h6>\n<p>Die Schule erhebt und speichert personenbezogene Daten der Sch\u00fclerinnen und Sch\u00fcler und der Erziehungsberechtigten zum Zwecke der <strong>Erf\u00fcllung des Bildungsauftrags<\/strong> oder der <strong>F\u00fcrsorgeaufgaben<\/strong>, zur <strong>Erziehung<\/strong> oder <strong>F\u00f6rderung<\/strong> der Sch\u00fclerinnen und Sch\u00fcler oder zur Erforschung oder Entwicklung der <strong>Schulqualit\u00e4t,<\/strong> soweit dies erforderlich ist. Rechtsgrundlage dieser Verarbeitung ist \u00a7 31 Abs.1 Satz 1 des Nieders\u00e4chsischen Schulgesetzes (NSchG). Ohne eine rechtliche Grundlage ist die Verarbeitung personenbezogener Daten zul\u00e4ssig, wenn in die Verarbeitung eingewilligt wird. Die betreffenden Daten k\u00f6nnen freiwillig von Ihnen angegeben werden.<\/p>\n<p>Welche personenbezogenen Daten die Schule zu welchen Zwecken verarbeitet, k\u00f6nnen Sie der im Anhang <a href=\"http:\/\/www.grundschule-blumensiedlung.de\/wp-content\/uploads\/2014\/01\/\u00dcbersicht-Verarbeitung-personenbezogener-Daten.pdf\" target=\"_blank\" rel=\"noopener noreferrer\">beigef\u00fcgten <strong>Tabelle <\/strong><\/a>entnehmen.<\/p>\n<h6><strong>II. \u00dcbermittlungen personenbezogener Daten<\/strong><\/h6>\n<p>Die Anschrift der Sch\u00fclerin oder des Sch\u00fclers und der Erziehungsberechtigten wird an den Landkreis Grafschaft Bentheim als Tr\u00e4ger der Sch\u00fclerbef\u00f6rderung und die unteren Gesundheitsbeh\u00f6rden zum Zwecke der Durchf\u00fchrung der Schuleingangsuntersuchung \u00fcbermittelt. Grundlage f\u00fcr diese \u00dcbermittlungen ist \u00a7 31 Abs.1 S.2 NSchG.<\/p>\n<p>Gem\u00e4\u00df \u00a7 31 Abs. 2 NSchG \u00fcbermittelt die zust\u00e4ndige Meldebeh\u00f6rde den Grundschulen personenbezogene Daten der im jeweiligen Schulbezirk gemeldeten Kinder, deren Schulpflicht im folgenden Jahr beginnt, sowie die Daten der gesetzlichen Vertreter. &nbsp;Dies geschieht auch, wenn die Kinder vor dem Beginn der Schulpflicht durch Umzug innerhalb der Gemeinde den Schulbezirk wechseln oder in die Gemeinde zuziehen. Die Schule erh\u00e4lt folgende Daten durch die Meldebeh\u00f6rde \u00fcbermittelt:<\/p>\n<p>1. zum Kind<\/p>\n<p>a) Familienname,<\/p>\n<p>b) Vornamen unter Kennzeichnung des gebr\u00e4uchlichen Vornamens,<\/p>\n<p>c) Geburtsdatum und Geburtsort sowie bei Geburt im Ausland auch den Staat,<\/p>\n<p>d) Geschlecht,<\/p>\n<p>2. zu den gesetzlichen Vertreterinnen oder Vertretern<\/p>\n<p>a) Familienname,<\/p>\n<p>b) Vornamen,<\/p>\n<p>c) Anschrift,<\/p>\n<p>d) Auskunftssperren nach \u00a7 51 des Bundesmeldegesetzes und bedingte Sperrvermerke nach \u00a7 52 des Bundesmeldegesetzes.<\/p>\n<p>Diese Daten werden von der abgebenden Schule an die aufnehmende Schule zum Zweck der \u00dcberwachung der Einhaltung der Schulpflicht \u00fcbermittelt, wenn eine schulpflichtige Sch\u00fclerin oder ein schulpflichtiger Sch\u00fcler die Schule innerhalb Niedersachsens wechselt.<\/p>\n<p><strong>Auftragsverarbeitung<\/strong><\/p>\n<p>Die Westermann-Gruppe verarbeitet auf Grundlage eines schriftlichen Vertrages als Auftragsverarbeiter weisungsgebunden personenbezogene Daten in unserem Auftrag im Rahmen der Nutzung des Online-Dienstes <em>Antolin.<\/em><\/p>\n<h6><strong>&nbsp;<\/strong><strong>III. Dauer der Speicherung der personenbezogenen Daten<\/strong><\/h6>\n<p>Im Schulbereich ist f\u00fcr die Speicherdauer der Runderlass des Nieders\u00e4chsischen Kultusministeriums zur \u201eAufbewahrung von Schriftgut in \u00f6ffentlichen Schulen: L\u00f6schung personenbezogener Daten nach \u00a7 17 Abs. 2 NDSG\u201c &nbsp;2.1.2012 (RdErl. d. MK v. 2.1.2012 &#8211; 11-02201\/1, 05410\/1.2 (Nds.MBl. Nr.3\/2012 S.81; SVBl. 3\/2012 S.162) &#8211; VORIS 22560 &#8211; Im Einvernehmen mit der StK und dem MI -) ma\u00dfgebend.<\/p>\n<p><strong>&nbsp;<\/strong><\/p>\n<p><strong>IV. Betroffenenrechte<\/strong><\/p>\n<p>Sie k\u00f6nnen folgende Rechte geltend machen:<\/p>\n<p><strong>Auskunft\/ Akteneinsicht<\/strong><\/p>\n<p>Gem. Art. 15 DSGVO haben Sie das Recht, Auskunft bzw. Akteneinsicht \u00fcber die von uns verarbeiteten personenbezogenen Daten zu erhalten<\/p>\n<ul>\n<li><strong>Berichtigung<\/strong><\/li>\n<\/ul>\n<p>Sind bei uns gespeicherte personenbezogene Daten unrichtig oder unvollst\u00e4ndig, haben Sie gem. Art. 16 DSGVO das Recht, diese berichtigen bzw. vervollst\u00e4ndigen zu lassen.<\/p>\n<ul>\n<li><strong>L\u00f6schung<\/strong><\/li>\n<\/ul>\n<p>Art. 17 DSGVO normiert das Recht auf L\u00f6schung personenbezogener Daten. Dieses Recht steht Ihnen insbesondere dann zu, wenn die Speicherung der personenbezogenen Daten zur Erf\u00fcllung unserer gesetzlichen Aufgaben nicht mehr erforderlich ist oder Sie Ihre Einwilligung zur Datenverarbeitung mit Wirkung f\u00fcr die Zukunft widerrufen haben.<\/p>\n<ul>\n<li><strong>Einschr\u00e4nkung der Verarbeitung<\/strong><\/li>\n<\/ul>\n<p>Gem. Art. 18 DSGVO k\u00f6nnen Sie die Einschr\u00e4nkung der Verarbeitung der personenbezogenen Daten verlangen, wenn<\/p>\n<p>&#8211;&nbsp;&nbsp;&nbsp;&nbsp;&nbsp;&nbsp;&nbsp; die Richtigkeit der Daten von Ihnen bestritten wird<\/p>\n<p>&#8211;&nbsp;&nbsp;&nbsp;&nbsp;&nbsp;&nbsp;&nbsp; die Verarbeitung unrechtm\u00e4\u00dfig ist, Sie aber deren L\u00f6schung ablehnen<\/p>\n<p>&#8211;&nbsp;&nbsp;&nbsp;&nbsp;&nbsp;&nbsp;&nbsp; wir die Daten nicht mehr ben\u00f6tigen, Sie jedoch diese zur Geltendmachung, Aus\u00fcbung oder Verteidigung vonRechtsanspr\u00fcchen ben\u00f6tigen<\/p>\n<p>&#8211;&nbsp;&nbsp;&nbsp;&nbsp;&nbsp;&nbsp;&nbsp; oder Sie gem\u00e4\u00df Art. 21 DSGVO Widerspruch gegen die Verarbeitung eingelegt haben<\/p>\n<ul>\n<li><strong>Widerspruch<\/strong><\/li>\n<\/ul>\n<p>Sie k\u00f6nnen bei Gr\u00fcnden, die sich aus Ihrer besonderen Situation ergeben, ein Widerspruchsrecht geltend machen. Gem. Art. 21 DSGVO ist jedoch zu ber\u00fccksichtigten, ob schutzw\u00fcrdige Gr\u00fcnde f\u00fcr die Verarbeitung vorliegen oder die Verarbeitung der Geltendmachung, Aus\u00fcbung oder Verteidigung von Rechtsanspr\u00fcchen dient.<\/p>\n<ul>\n<li><strong>Daten\u00fcbertragbarkeit<\/strong><\/li>\n<\/ul>\n<p>Ist die Verarbeitung Ihrer Daten mit Hilfe eines automatisierten Verfahrens erfolgt, haben Sie gem. Art. 20 DSGVO das Recht, die Daten in einem g\u00e4ngigen und maschinenlesbaren Format zu erhalten und an eine andere Schule zu \u00fcbermitteln bzw. durch uns \u00fcbermitteln zu lassen.<\/p>\n<ul>\n<li><strong>Widerruf der Einwilligung<\/strong><\/li>\n<\/ul>\n<p>Sie haben gem. Art. 7 Absatz 3 DSGVO das Recht, eine uns erteilte Einwilligung jederzeit mit Wirkung f\u00fcr die Zukunft zu widerrufen.<\/p>\n<ul>\n<li><strong>Beschwerde<\/strong><\/li>\n<\/ul>\n<p>Art. 77 DSGVO enth\u00e4lt ein Beschwerderecht bei der Aufsichtsbeh\u00f6rde. Die f\u00fcr uns zust\u00e4ndige Aufsichtsbeh\u00f6rde ist die Landesbeauftragte f\u00fcr den Datenschutz Niedersachsen,<\/p>\n<p>Prinzenstra\u00dfe 5, 30159 Hannover. E-Mail: poststelle@lfd.niedersachsen.de.<\/p>\n<p>Eine Beschwerde hat \u00fcber das auf der Homepage der Landesbeauftragten f\u00fcr den Datenschutz eingestellte Beschwerdeformular zu erfolgen.<\/p>\n<p><strong>&nbsp;<\/strong><\/p>\n<p><strong>V. Verantwortlicher und Datenschutzbeauftragter<\/strong><\/p>\n<p>Die datenverarbeitende Stelle ist die Grundschule Blumensiedlung.<\/p>\n<p>Die Emaildresse unserer Datenschutzbeauftragten ist:<\/p>\n<p><strong>datenschutz-gs-blumensiedlung@hotmail.com<\/strong><\/p>\n<\/div>\n<\/div>\n","protected":false},"excerpt":{"rendered":"<p>Herausgeber der Seiten Grundschule Blumensiedlung Schlieperstr. 14 48527 Nordhorn Kontakt Telefon: 05921 13912 Telefax: 05921 994611 E-Mail: gs-blumen@schulen-noh.de Kommissarischer Schulleiter: Timothy Hansmann Schlieperstra\u00dfe 14 D-48527 Nordhorn Tel. 05921-13912 Fax 05921-994516&hellip; <a href=\"http:\/\/www.grundschule-blumensiedlung.de\/?page_id=698\" class=\"read-more\" title=\"Impressum und Datenschutzgrundverordnung (DSGVO)\"><span>Weiterlesen <span class=\"screen-reader-text sr-only\">Impressum und Datenschutzgrundverordnung (DSGVO)<\/span> <span class=\"meta-nav\">&rarr;<\/span><\/span><\/a><\/p>\n","protected":false},"author":32,"featured_media":0,"parent":0,"menu_order":0,"comment_status":"closed","ping_status":"closed","template":"","meta":{"ngg_post_thumbnail":0,"footnotes":""},"class_list":["post-698","page","type-page","status-publish","hentry"],"_links":{"self":[{"href":"http:\/\/www.grundschule-blumensiedlung.de\/index.php?rest_route=\/wp\/v2\/pages\/698","targetHints":{"allow":["GET"]}}],"collection":[{"href":"http:\/\/www.grundschule-blumensiedlung.de\/index.php?rest_route=\/wp\/v2\/pages"}],"about":[{"href":"http:\/\/www.grundschule-blumensiedlung.de\/index.php?rest_route=\/wp\/v2\/types\/page"}],"author":[{"embeddable":true,"href":"http:\/\/www.grundschule-blumensiedlung.de\/index.php?rest_route=\/wp\/v2\/users\/32"}],"replies":[{"embeddable":true,"href":"http:\/\/www.grundschule-blumensiedlung.de\/index.php?rest_route=%2Fwp%2Fv2%2Fcomments&post=698"}],"version-history":[{"count":11,"href":"http:\/\/www.grundschule-blumensiedlung.de\/index.php?rest_route=\/wp\/v2\/pages\/698\/revisions"}],"predecessor-version":[{"id":6982389,"href":"http:\/\/www.grundschule-blumensiedlung.de\/index.php?rest_route=\/wp\/v2\/pages\/698\/revisions\/6982389"}],"wp:attachment":[{"href":"http:\/\/www.grundschule-blumensiedlung.de\/index.php?rest_route=%2Fwp%2Fv2%2Fmedia&parent=698"}],"curies":[{"name":"wp","href":"https:\/\/api.w.org\/{rel}","templated":true}]}}