{"id":685,"date":"2014-01-29T12:49:30","date_gmt":"2014-01-29T11:49:30","guid":{"rendered":"http:\/\/s512577359.online.de\/?page_id=685"},"modified":"2025-01-08T20:58:14","modified_gmt":"2025-01-08T19:58:14","slug":"allgemeines","status":"publish","type":"page","link":"https:\/\/www.grundschule-blumensiedlung.de\/?page_id=685","title":{"rendered":"Allgemeines"},"content":{"rendered":"<div>\n<h1>&#8222;Generell gilt!&#8220;<\/h1>\n<\/div>\n<div>\n<ul>\n<li>Es gibt keinen Anspruch, an bestimmten AGs teilnehmen zu k\u00f6nnen! Die Schule beh\u00e4lt sich vor, AGs z. B. wegen Minderbelegung zu streichen oder aus organisatorischen Gr\u00fcnden zu ver\u00e4ndern.<\/li>\n<\/ul>\n<ul>\n<li>Die Angebote sollten zu Beginn eines Halbjahres mit den Kindern durchgesprochen werden&nbsp;und m\u00f6glichst nach Interessen des Kindes gew\u00e4hlt werden. Vor allem f\u00fcr j\u00fcngere Kinder kann es sinnvoll sein, sich nach dem Unterricht k\u00f6rperlich zu bet\u00e4tigen. Es ist keinem damit geholfen, wenn sich ein Kind in einer AG unwohl f\u00fchlt bzw. \u00fcberfordert ist.<\/li>\n<\/ul>\n<ul>\n<li>Sie m\u00fcssen sich dar\u00fcber im Klaren sein, dass die Betreuungskr\u00e4fte die Kinder zwar bei den Hausaufgaben unterst\u00fctzen, jedoch nicht f\u00fcr Vollst\u00e4ndigkeit und Richtigkeit garantieren k\u00f6nnen! Als Erziehungsberechtigten obliegt letztlich Ihnen die Verantwortung!<\/li>\n<\/ul>\n<ul>\n<li>Wir behalten uns vor, Kinder von Betreuungsangeboten (Mittagessen, Hausaufgabenbetreuung, Arbeitsgemeinschaften usw.) bei wiederholtem Fehlverhalten auszuschlie\u00dfen. Diese Ma\u00dfnahme soll die interessierten Sch\u00fclerinnen und Sch\u00fcler ebenso wie die Fachkraft sch\u00fctzen.<\/li>\n<\/ul>\n<p><strong>Wir haben den Anspruch, unseren Sch\u00fclerinnen und Sch\u00fclern eine qualitativ hochwertige Betreuung und ein vielf\u00e4ltiges Angebot zu gew\u00e4hrleisten. Daf\u00fcr arbeiten alle Beteiligten sehr intensiv und motiviert und tauschen sich regelm\u00e4\u00dfig untereinander aus.<\/strong><\/p>\n<\/div>\n\n\n<figure class=\"wp-block-gallery columns-0 is-cropped wp-block-gallery-1 is-layout-flex wp-block-gallery-is-layout-flex\"><ul class=\"blocks-gallery-grid\"><\/ul><\/figure>\n","protected":false},"excerpt":{"rendered":"<p>&#8222;Generell gilt!&#8220; Es gibt keinen Anspruch, an bestimmten AGs teilnehmen zu k\u00f6nnen! Die Schule beh\u00e4lt sich vor, AGs z. B. wegen Minderbelegung zu streichen oder aus organisatorischen Gr\u00fcnden zu ver\u00e4ndern.&hellip; <a href=\"https:\/\/www.grundschule-blumensiedlung.de\/?page_id=685\" class=\"read-more\" title=\"Allgemeines\"><span>Weiterlesen <span class=\"screen-reader-text sr-only\">Allgemeines<\/span> <span class=\"meta-nav\">&rarr;<\/span><\/span><\/a><\/p>\n","protected":false},"author":32,"featured_media":0,"parent":237,"menu_order":0,"comment_status":"closed","ping_status":"closed","template":"","meta":{"ngg_post_thumbnail":0,"footnotes":""},"class_list":["post-685","page","type-page","status-publish","hentry"],"_links":{"self":[{"href":"https:\/\/www.grundschule-blumensiedlung.de\/index.php?rest_route=\/wp\/v2\/pages\/685","targetHints":{"allow":["GET"]}}],"collection":[{"href":"https:\/\/www.grundschule-blumensiedlung.de\/index.php?rest_route=\/wp\/v2\/pages"}],"about":[{"href":"https:\/\/www.grundschule-blumensiedlung.de\/index.php?rest_route=\/wp\/v2\/types\/page"}],"author":[{"embeddable":true,"href":"https:\/\/www.grundschule-blumensiedlung.de\/index.php?rest_route=\/wp\/v2\/users\/32"}],"replies":[{"embeddable":true,"href":"https:\/\/www.grundschule-blumensiedlung.de\/index.php?rest_route=%2Fwp%2Fv2%2Fcomments&post=685"}],"version-history":[{"count":6,"href":"https:\/\/www.grundschule-blumensiedlung.de\/index.php?rest_route=\/wp\/v2\/pages\/685\/revisions"}],"predecessor-version":[{"id":6983547,"href":"https:\/\/www.grundschule-blumensiedlung.de\/index.php?rest_route=\/wp\/v2\/pages\/685\/revisions\/6983547"}],"up":[{"embeddable":true,"href":"https:\/\/www.grundschule-blumensiedlung.de\/index.php?rest_route=\/wp\/v2\/pages\/237"}],"wp:attachment":[{"href":"https:\/\/www.grundschule-blumensiedlung.de\/index.php?rest_route=%2Fwp%2Fv2%2Fmedia&parent=685"}],"curies":[{"name":"wp","href":"https:\/\/api.w.org\/{rel}","templated":true}]}}