{"id":689,"date":"2014-01-29T12:50:42","date_gmt":"2014-01-29T11:50:42","guid":{"rendered":"http:\/\/s512577359.online.de\/?page_id=689"},"modified":"2025-09-09T20:26:31","modified_gmt":"2025-09-09T18:26:31","slug":"hausaufgabenbetreuung","status":"publish","type":"page","link":"https:\/\/www.grundschule-blumensiedlung.de\/?page_id=689","title":{"rendered":"\u00dcbezeit"},"content":{"rendered":"<div>\n<h1>\u00dcbezeit an unserer Schule<\/h1>\n<p>&nbsp;<\/p>\n<p data-start=\"101\" data-end=\"407\">In der Zeit von 13.30 Uhr bis 14.15 Uhr haben die Sch\u00fclerinnen und Sch\u00fcler die M\u00f6glichkeit, ihre Lese-Hausaufgaben zu erledigen, sich mit Klassenkameradinnen und -kameraden zum gemeinsamen \u00dcben zu verabreden, f\u00fcr Klassenarbeiten zu lernen oder Aufgaben nachzuholen, die im Unterricht nicht vollst\u00e4ndig bearbeitet werden konnten.<\/p>\n<p data-start=\"409\" data-end=\"584\">Die Teilnahme an der \u00dcbezeit ist freiwillig. W\u00e4hrend dieser Zeit stehen Lehrkr\u00e4fte zur Betreuung zur Verf\u00fcgung. Die \u00dcbezeit ist keine Nachhilfe, <span style=\"color: #000000;\">sondern f\u00f6rdert die Kinder beim selbstst\u00e4ndigen Erledigen ihrer Aufgaben. Die Kinder erhalten bei Bedarf Unterst\u00fctzung (soweit es m\u00f6glich ist), welches jedoch nicht das \u00dcben und die Kontrolle durch die Eltern ersetzt. Wir sind bem\u00fcht, dass die Kinder ihre Aufgaben w\u00e4hrend der vorhandenen Zeit fertigstellen. Meistens gelingt dies den Kindern auch, aber leider nicht immer. Deshalb kontrollieren Sie immer, ob die Hausaufgaben wirklich alle erledigt sind.<\/span><\/p>\n<p data-start=\"586\" data-end=\"701\">&nbsp;<\/p>\n<\/div>\n<div>\n<p>&nbsp;<\/p>\n<p><!--EndFragment--><\/p>\n<p>&nbsp;<\/p>\n<\/div>\n","protected":false},"excerpt":{"rendered":"<p>\u00dcbezeit an unserer Schule &nbsp; In der Zeit von 13.30 Uhr bis 14.15 Uhr haben die Sch\u00fclerinnen und Sch\u00fcler die M\u00f6glichkeit, ihre Lese-Hausaufgaben zu erledigen, sich mit Klassenkameradinnen und -kameraden&hellip; <a href=\"https:\/\/www.grundschule-blumensiedlung.de\/?page_id=689\" class=\"read-more\" title=\"\u00dcbezeit\"><span>Weiterlesen <span class=\"screen-reader-text sr-only\">\u00dcbezeit<\/span> <span class=\"meta-nav\">&rarr;<\/span><\/span><\/a><\/p>\n","protected":false},"author":32,"featured_media":0,"parent":237,"menu_order":0,"comment_status":"closed","ping_status":"closed","template":"","meta":{"ngg_post_thumbnail":0,"footnotes":""},"class_list":["post-689","page","type-page","status-publish","hentry"],"_links":{"self":[{"href":"https:\/\/www.grundschule-blumensiedlung.de\/index.php?rest_route=\/wp\/v2\/pages\/689","targetHints":{"allow":["GET"]}}],"collection":[{"href":"https:\/\/www.grundschule-blumensiedlung.de\/index.php?rest_route=\/wp\/v2\/pages"}],"about":[{"href":"https:\/\/www.grundschule-blumensiedlung.de\/index.php?rest_route=\/wp\/v2\/types\/page"}],"author":[{"embeddable":true,"href":"https:\/\/www.grundschule-blumensiedlung.de\/index.php?rest_route=\/wp\/v2\/users\/32"}],"replies":[{"embeddable":true,"href":"https:\/\/www.grundschule-blumensiedlung.de\/index.php?rest_route=%2Fwp%2Fv2%2Fcomments&post=689"}],"version-history":[{"count":7,"href":"https:\/\/www.grundschule-blumensiedlung.de\/index.php?rest_route=\/wp\/v2\/pages\/689\/revisions"}],"predecessor-version":[{"id":6984229,"href":"https:\/\/www.grundschule-blumensiedlung.de\/index.php?rest_route=\/wp\/v2\/pages\/689\/revisions\/6984229"}],"up":[{"embeddable":true,"href":"https:\/\/www.grundschule-blumensiedlung.de\/index.php?rest_route=\/wp\/v2\/pages\/237"}],"wp:attachment":[{"href":"https:\/\/www.grundschule-blumensiedlung.de\/index.php?rest_route=%2Fwp%2Fv2%2Fmedia&parent=689"}],"curies":[{"name":"wp","href":"https:\/\/api.w.org\/{rel}","templated":true}]}}